{"id":421,"date":"2025-02-03T20:39:47","date_gmt":"2025-02-03T19:39:47","guid":{"rendered":"https:\/\/www.boardridingpass.com\/?page_id=421"},"modified":"2025-03-31T11:53:55","modified_gmt":"2025-03-31T09:53:55","slug":"pool-windsurfer","status":"publish","type":"page","link":"https:\/\/www.boardridingpass.com\/index.php\/pool-windsurfer\/","title":{"rendered":"POOL WINDSURFER"},"content":{"rendered":"\n<figure class=\"wp-block-image\"><img decoding=\"async\" src=\"https:\/\/www.archipelago.bzh\/wp-content\/uploads\/2025\/02\/coin-windsurfer--1024x989.jpg\" alt=\"\" class=\"wp-image-273\"\/><\/figure>\n\n\n\n<p>Archipelago lance un&nbsp;<strong>pool de Windsurfer ouvert au plus grand nombre<\/strong>, avec pour ambition d\u2019<strong>initier un maximum de pratiquants<\/strong>&nbsp;et de tester le&nbsp;<strong>BoardRiding Pass<\/strong>&nbsp;\u00e0 grande \u00e9chelle.<\/p>\n\n\n\n<p>Pour soutenir cette initiative, nous invitons les&nbsp;<strong>entreprises locales \u00e0 s\u2019engager dans leur d\u00e9marche RSE<\/strong>, en finan\u00e7ant le projet en \u00e9change d\u2019une&nbsp;<strong>visibilit\u00e9 forte et d\u2019un impact concret sur le territoire<\/strong>.<\/p>\n\n\n\n<p><strong>Un test grandeur nature<\/strong>&nbsp;:<\/p>\n\n\n\n<ul class=\"wp-block-list\">\n<li>1 500 utilisateurs impliqu\u00e9s sur 24 mois via des entreprises partenaires<\/li>\n\n\n\n<li>Un acc\u00e8s facilit\u00e9 aux \u00e9quipements<\/li>\n\n\n\n<li>Un suivi transparent du cycle de vie du mat\u00e9riel<\/li>\n\n\n\n<li>Une optimisation du partage et de l\u2019usage<\/li>\n<\/ul>\n\n\n\n<p>Ce projet favorise&nbsp;<strong>la transmission des connaissances, l\u2019inclusion et la d\u00e9couverte des sports de glisse<\/strong>, tout en s\u2019inscrivant dans une&nbsp;<strong>d\u00e9marche durable et collaborative<\/strong>.&nbsp;<strong>Gr\u00e2ce au Passeport Digital des Produits<\/strong>, nous renfor\u00e7ons la tra\u00e7abilit\u00e9 et encourageons un usage plus responsable du mat\u00e9riel.<\/p>\n\n\n\n<p>A l\u2019issue de cette exp\u00e9rimentation, Archipelago reste gestionnaire du parc mat\u00e9riel (sauf Offre &#8220;Achat&#8221;), va assurer son suivi en le mettant \u00e0 disposition d\u2019\u00e9coles de voile partenaires du territoire.&nbsp;Une opportunit\u00e9 unique pour&nbsp;<strong>d\u00e9mocratiser la glisse et prouver l\u2019efficacit\u00e9 d\u2019un mod\u00e8le d\u2019\u00e9conomie circulaire<\/strong>&nbsp;en conditions r\u00e9elles.<\/p>\n\n\n\n<p><em>Pour les entreprises et les clubs qui sont dans d&#8217;autres secteurs, nous pouvons d\u00e9velopper des partenariats similaires. Contactez-nous !<\/em><\/p>\n\n\n\n<section id=\"wp-block-themeisle-blocks-advanced-columns-dab9e0bf\" class=\"wp-block-themeisle-blocks-advanced-columns alignfull has-1-columns has-desktop-equal-layout has-tablet-equal-layout has-mobile-equal-layout has-vertical-flex-start\"><div class=\"wp-block-themeisle-blocks-advanced-columns-overlay\"><\/div><div class=\"innerblocks-wrap\">\n<div id=\"wp-block-themeisle-blocks-advanced-column-9df22226\" class=\"wp-block-themeisle-blocks-advanced-column\">\n<section id=\"wp-block-themeisle-blocks-advanced-columns-25c95699\" class=\"wp-block-themeisle-blocks-advanced-columns has-1-columns has-desktop-equal-layout has-tablet-equal-layout has-mobile-collapsedRows-layout has-vertical-flex-start\"><div class=\"wp-block-themeisle-blocks-advanced-columns-overlay\"><\/div><div class=\"innerblocks-wrap\">\n<div id=\"wp-block-themeisle-blocks-advanced-column-d4d9a4f8\" class=\"wp-block-themeisle-blocks-advanced-column\">\n<h2 class=\"wp-block-heading has-text-align-center has-text-color has-link-color has-x-large-font-size wp-elements-b25903073ad3412f550759e344fb6786\" style=\"color:#3f3d3d\">Nos parcours Windsurfer<\/h2>\n<\/div>\n<\/div><\/section>\n\n\n\n<section id=\"wp-block-themeisle-blocks-advanced-columns-b56443a0\" class=\"wp-block-themeisle-blocks-advanced-columns has-3-columns has-desktop-equal-layout has-tablet-equal-layout has-mobile-collapsedRows-layout has-vertical-flex-start\"><div class=\"wp-block-themeisle-blocks-advanced-columns-overlay\"><\/div><div class=\"innerblocks-wrap\">\n<div id=\"wp-block-themeisle-blocks-advanced-column-43c95925\" class=\"wp-block-themeisle-blocks-advanced-column has-light-bg\">\n<h3 id=\"wp-block-themeisle-blocks-advanced-heading-e70d960d\" class=\"wp-block-themeisle-blocks-advanced-heading wp-block-themeisle-blocks-advanced-heading-e70d960d\">Location Longue Dur\u00e9e<\/h3>\n\n\n\n<h2 id=\"wp-block-themeisle-blocks-advanced-heading-0d527ed7\" class=\"wp-block-themeisle-blocks-advanced-heading wp-block-themeisle-blocks-advanced-heading-0d527ed7\">120 \u20ac**<\/h2>\n\n\n\n<p id=\"wp-block-themeisle-blocks-advanced-heading-0d2bbf17\" class=\"wp-block-themeisle-blocks-advanced-heading wp-block-themeisle-blocks-advanced-heading-0d2bbf17\">Tarif mensuel \/ sur 24 mois<\/p>\n\n\n\n<hr class=\"wp-block-separator has-text-color has-nv-site-bg-color has-css-opacity has-nv-site-bg-background-color has-background\"\/>\n\n\n\n<div id=\"wp-block-themeisle-blocks-icon-list-2da335bc\" class=\"wp-block-themeisle-blocks-icon-list\">\n<div id=\"wp-block-themeisle-blocks-icon-list-item-b8e72ac6\" class=\"wp-block-themeisle-blocks-icon-list-item\"><i class=\"fas fa-check wp-block-themeisle-blocks-icon-list-item-icon\"><\/i><p class=\"wp-block-themeisle-blocks-icon-list-item-content-custom\">Personnalisation<\/p><\/div>\n\n\n\n<div id=\"wp-block-themeisle-blocks-icon-list-item-c971e254\" class=\"wp-block-themeisle-blocks-icon-list-item\"><i class=\"fas fa-check wp-block-themeisle-blocks-icon-list-item-icon\"><\/i><p class=\"wp-block-themeisle-blocks-icon-list-item-content-custom\">Int\u00e9gration au Pool<\/p><\/div>\n\n\n\n<div id=\"wp-block-themeisle-blocks-icon-list-item-fa312657\" class=\"wp-block-themeisle-blocks-icon-list-item\"><i class=\"fas fa-check wp-block-themeisle-blocks-icon-list-item-icon\"><\/i><p class=\"wp-block-themeisle-blocks-icon-list-item-content-custom\">Visibilit\u00e9 sur les SBRS<\/p><\/div>\n\n\n\n<div id=\"wp-block-themeisle-blocks-icon-list-item-4430e2c3\" class=\"wp-block-themeisle-blocks-icon-list-item\"><i class=\"fas fa-check wp-block-themeisle-blocks-icon-list-item-icon\"><\/i><p class=\"wp-block-themeisle-blocks-icon-list-item-content\">Volume de 50 location offertes<\/p><\/div>\n<\/div>\n<\/div>\n\n\n\n<div id=\"wp-block-themeisle-blocks-advanced-column-f8505509\" class=\"wp-block-themeisle-blocks-advanced-column has-light-bg\">\n<h3 id=\"wp-block-themeisle-blocks-advanced-heading-79a27878\" class=\"wp-block-themeisle-blocks-advanced-heading wp-block-themeisle-blocks-advanced-heading-79a27878\">Partenariat Pool<\/h3>\n\n\n\n<h2 id=\"wp-block-themeisle-blocks-advanced-heading-695ae192\" class=\"wp-block-themeisle-blocks-advanced-heading wp-block-themeisle-blocks-advanced-heading-695ae192\">2400 \u20ac*<\/h2>\n\n\n\n<p id=\"wp-block-themeisle-blocks-advanced-heading-30dd530d\" class=\"wp-block-themeisle-blocks-advanced-heading wp-block-themeisle-blocks-advanced-heading-30dd530d\">Convention de partenariat<\/p>\n\n\n\n<hr class=\"wp-block-separator has-text-color has-nv-site-bg-color has-css-opacity has-nv-site-bg-background-color has-background\"\/>\n\n\n\n<div id=\"wp-block-themeisle-blocks-icon-list-a782a356\" class=\"wp-block-themeisle-blocks-icon-list\">\n<div id=\"wp-block-themeisle-blocks-icon-list-item-d5601ac9\" class=\"wp-block-themeisle-blocks-icon-list-item\"><i class=\"fas fa-check wp-block-themeisle-blocks-icon-list-item-icon\"><\/i><p class=\"wp-block-themeisle-blocks-icon-list-item-content-custom\">Personnalisation<\/p><\/div>\n\n\n\n<div id=\"wp-block-themeisle-blocks-icon-list-item-b9ac9dc4\" class=\"wp-block-themeisle-blocks-icon-list-item\"><i class=\"fas fa-check wp-block-themeisle-blocks-icon-list-item-icon\"><\/i><p class=\"wp-block-themeisle-blocks-icon-list-item-content-custom\">Int\u00e9gration au Pool<\/p><\/div>\n\n\n\n<div id=\"wp-block-themeisle-blocks-icon-list-item-f416b8a0\" class=\"wp-block-themeisle-blocks-icon-list-item\"><i class=\"fas fa-check wp-block-themeisle-blocks-icon-list-item-icon\"><\/i><p class=\"wp-block-themeisle-blocks-icon-list-item-content-custom\">Visibilit\u00e9 sur les SBRS<\/p><\/div>\n\n\n\n<div id=\"wp-block-themeisle-blocks-icon-list-item-fb589cf7\" class=\"wp-block-themeisle-blocks-icon-list-item\"><i class=\"fas fa-check wp-block-themeisle-blocks-icon-list-item-icon\"><\/i><p class=\"wp-block-themeisle-blocks-icon-list-item-content\">Volume de 100 locations offertes<\/p><\/div>\n<\/div>\n<\/div>\n\n\n\n<div id=\"wp-block-themeisle-blocks-advanced-column-8b257f59\" class=\"wp-block-themeisle-blocks-advanced-column has-light-bg\">\n<h3 id=\"wp-block-themeisle-blocks-advanced-heading-6dc90e07\" class=\"wp-block-themeisle-blocks-advanced-heading wp-block-themeisle-blocks-advanced-heading-6dc90e07\">Achat<\/h3>\n\n\n\n<h2 id=\"wp-block-themeisle-blocks-advanced-heading-0b1abecd\" class=\"wp-block-themeisle-blocks-advanced-heading wp-block-themeisle-blocks-advanced-heading-0b1abecd\">2400 \u20ac*<\/h2>\n\n\n\n<p id=\"wp-block-themeisle-blocks-advanced-heading-cf3bf296\" class=\"wp-block-themeisle-blocks-advanced-heading wp-block-themeisle-blocks-advanced-heading-cf3bf296\">Vous achetez la planche<\/p>\n\n\n\n<hr class=\"wp-block-separator has-text-color has-nv-site-bg-color has-css-opacity has-nv-site-bg-background-color has-background\"\/>\n\n\n\n<div id=\"wp-block-themeisle-blocks-icon-list-20efc1f0\" class=\"wp-block-themeisle-blocks-icon-list\">\n<div id=\"wp-block-themeisle-blocks-icon-list-item-b4151cc1\" class=\"wp-block-themeisle-blocks-icon-list-item\"><i class=\"fas fa-check wp-block-themeisle-blocks-icon-list-item-icon\"><\/i><p class=\"wp-block-themeisle-blocks-icon-list-item-content-custom\">Personnalisation<\/p><\/div>\n\n\n\n<div id=\"wp-block-themeisle-blocks-icon-list-item-be1ce24b\" class=\"wp-block-themeisle-blocks-icon-list-item\"><i class=\"fas fa-check wp-block-themeisle-blocks-icon-list-item-icon\"><\/i><p class=\"wp-block-themeisle-blocks-icon-list-item-content-custom\">Visibilit\u00e9 sur notre site web<\/p><\/div>\n\n\n\n<div id=\"wp-block-themeisle-blocks-icon-list-item-1037a19a\" class=\"wp-block-themeisle-blocks-icon-list-item\"><i class=\"fas fa-check wp-block-themeisle-blocks-icon-list-item-icon\"><\/i><p class=\"wp-block-themeisle-blocks-icon-list-item-content-custom\">D\u00e9ductibilit\u00e9 fiscale selon statut<\/p><\/div>\n\n\n\n<div id=\"wp-block-themeisle-blocks-icon-list-item-53abf882\" class=\"wp-block-themeisle-blocks-icon-list-item\"><i class=\"fas fa-check wp-block-themeisle-blocks-icon-list-item-icon\"><\/i><p class=\"wp-block-themeisle-blocks-icon-list-item-content\">Vous faites rayonner notre projet<\/p><\/div>\n<\/div>\n<\/div>\n<\/div><\/section>\n<\/div>\n<\/div><\/section>\n\n\n\n<div id=\"wp-block-themeisle-blocks-button-group-3b6450f5\" class=\"wp-block-themeisle-blocks-button-group wp-block-buttons align-center-desktop\">\n<div id=\"wp-block-themeisle-blocks-button-24160ca6\" class=\"wp-block-themeisle-blocks-button wp-block-button\"><a href=\"https:\/\/www.boardridingpass.com\/index.php\/contact\/\" target=\"_self\" rel=\"noopener noreferrer\" class=\"wp-block-button__link\"><span>MONTER UN POOL WINDSURFER DANS MON CLUB<\/span><\/a><\/div>\n<\/div>\n\n\n\n<div class=\"wp-block-group\"><div class=\"wp-block-group__inner-container is-layout-constrained wp-block-group-is-layout-constrained\">\n<p class=\"has-text-align-right\"><em>*Les tarifs s&#8217;entendent hors taxes ** sous r\u00e9serve d&#8217;acceptation par notre partenaire financier<\/em><\/p>\n<\/div><\/div>\n\n\n\n<div id=\"wp-block-themeisle-blocks-accordion-c530bb58\" class=\"wp-block-themeisle-blocks-accordion exclusive\">\n<details class=\"wp-block-themeisle-blocks-accordion-item\"><summary class=\"wp-block-themeisle-blocks-accordion-item__title\"><div><strong>LOCATION LONGUE DUREE<\/strong><\/div><\/summary><div class=\"wp-block-themeisle-blocks-accordion-item__content\">\n<p><strong>Pour les structures (clubs, \u00e9coles, collectivit\u00e9s ou entreprises) qui veulent disposer de mat\u00e9riel performant sans l\u2019acheter.<\/strong><\/p>\n\n\n\n<h3 class=\"wp-block-heading\">Avantages :<\/h3>\n\n\n\n<div class=\"wp-block-group\"><div class=\"wp-block-group__inner-container is-layout-constrained wp-block-group-is-layout-constrained\">\n<div class=\"wp-block-group\"><div class=\"wp-block-group__inner-container is-layout-constrained wp-block-group-is-layout-constrained\">\n<div class=\"wp-block-group\"><div class=\"wp-block-group__inner-container is-layout-constrained wp-block-group-is-layout-constrained\">\n<div class=\"wp-block-group\"><div class=\"wp-block-group__inner-container is-layout-constrained wp-block-group-is-layout-constrained\">\n<ul class=\"wp-block-list\">\n<li>Nous g\u00e9rons le mat\u00e9riel de A \u00e0 Z pendant tout le cycle<\/li>\n\n\n\n<li>Acc\u00e8s \u00e0 des locations gratuites pour vos \u00e9quipes, vos clients et partenaires<\/li>\n\n\n\n<li>Maintenance, assurance et tra\u00e7abilit\u00e9 incluses dans l\u2019offre.<\/li>\n\n\n\n<li>Souplesse d\u2019usage : changement ou ajustement en fonction des besoins.<\/li>\n\n\n\n<li>Contribution directe \u00e0 l\u2019\u00e9conomie circulaire du projet<\/li>\n<\/ul>\n<\/div><\/div>\n<\/div><\/div>\n<\/div><\/div>\n<\/div><\/div>\n<\/div><\/details>\n\n\n\n<details class=\"wp-block-themeisle-blocks-accordion-item\"><summary class=\"wp-block-themeisle-blocks-accordion-item__title\"><div><strong>PARTENARIAT POOL WINDSURFER<\/strong><\/div><\/summary><div class=\"wp-block-themeisle-blocks-accordion-item__content\">\n<p><strong>Pour les entreprises locales souhaitant associer leur image \u00e0 un projet durable, sportif et innovant.<\/strong><\/p>\n\n\n\n<h3 class=\"wp-block-heading\">Avantages :<\/h3>\n\n\n\n<ul class=\"wp-block-list\">\n<li>Communication co-brand\u00e9e avec Swelladdiction et les clubs ou magasins partenaires.<\/li>\n\n\n\n<li>Visibilit\u00e9 forte sur les \u00e9quipements utilis\u00e9s partout sur le territoire.<\/li>\n\n\n\n<li>Implication dans une d\u00e9marche RSE concr\u00e8te, sociale et environnementale.<\/li>\n\n\n\n<li>Suivi d&#8217;impact d\u00e9taill\u00e9 : nombre de sessions, profils utilisateurs, taux de rotation\u2026<\/li>\n\n\n\n<li>\u00c9v\u00e9nementiel associ\u00e9 : pr\u00e9sence sur des animations glisse, initiations &#8230; ou \u00e9v\u00e8nementiel d&#8217;entreprise (surf devis)<\/li>\n<\/ul>\n<\/div><\/details>\n\n\n\n<details class=\"wp-block-themeisle-blocks-accordion-item\"><summary class=\"wp-block-themeisle-blocks-accordion-item__title\"><div><strong>ACHAT WINDSURFER PERSONNALISEE<\/strong><\/div><\/summary><div class=\"wp-block-themeisle-blocks-accordion-item__content\">\n<p><strong>Pour les entreprises qui souhaitent acqu\u00e9rir une planche personnalis\u00e9e tout en soutenant le projet.<\/strong> Pour les particuliers, la personnalisation est disponible via <strong><a href=\"https:\/\/www.swelladdiction.com\/fr\/1339-windsurfer\">SwellAddiction<\/a><\/strong>.<\/p>\n\n\n\n<h3 class=\"wp-block-heading\">Avantages :<\/h3>\n\n\n\n<ul class=\"wp-block-list\">\n<li>Tra\u00e7abilit\u00e9 compl\u00e8te du mat\u00e9riel gr\u00e2ce au Passeport Digital.<\/li>\n\n\n\n<li>Personnalisation de la planche (marquage entreprise ou identit\u00e9 individuelle).<\/li>\n\n\n\n<li>Implication directe dans une exp\u00e9rimentation territoriale d&#8217;envergure.<\/li>\n\n\n\n<li>B\u00e9n\u00e9fice fiscal potentiel (via m\u00e9c\u00e9nat ou investissement RSE selon statut).<\/li>\n\n\n\n<li>Acc\u00e8s au BoardRiding Pass offert pour tester les usages partag\u00e9s.<\/li>\n<\/ul>\n<\/div><\/details>\n<\/div>\n\n\n\n<p><\/p>\n","protected":false},"excerpt":{"rendered":"<p>Archipelago lance un&nbsp;pool de Windsurfer ouvert au plus grand nombre, avec pour ambition d\u2019initier un maximum de pratiquants&nbsp;et de tester le&nbsp;BoardRiding Pass&nbsp;\u00e0 grande \u00e9chelle. Pour soutenir cette initiative, nous invitons les&nbsp;entreprises locales \u00e0 s\u2019engager dans leur d\u00e9marche RSE, en finan\u00e7ant le projet en \u00e9change d\u2019une&nbsp;visibilit\u00e9 forte et d\u2019un impact concret sur le territoire. Un test&hellip;&nbsp;<a href=\"https:\/\/www.boardridingpass.com\/index.php\/pool-windsurfer\/\" rel=\"bookmark\">Lire la suite &raquo;<span class=\"screen-reader-text\">POOL WINDSURFER<\/span><\/a><\/p>\n","protected":false},"author":1,"featured_media":709,"parent":0,"menu_order":0,"comment_status":"closed","ping_status":"closed","template":"","meta":{"neve_meta_sidebar":"","neve_meta_container":"","neve_meta_enable_content_width":"","neve_meta_content_width":0,"neve_meta_title_alignment":"","neve_meta_author_avatar":"","neve_post_elements_order":"","neve_meta_disable_header":"","neve_meta_disable_footer":"","neve_meta_disable_title":"","_themeisle_gutenberg_block_has_review":false,"footnotes":""},"class_list":["post-421","page","type-page","status-publish","has-post-thumbnail","hentry"],"_links":{"self":[{"href":"https:\/\/www.boardridingpass.com\/index.php\/wp-json\/wp\/v2\/pages\/421","targetHints":{"allow":["GET"]}}],"collection":[{"href":"https:\/\/www.boardridingpass.com\/index.php\/wp-json\/wp\/v2\/pages"}],"about":[{"href":"https:\/\/www.boardridingpass.com\/index.php\/wp-json\/wp\/v2\/types\/page"}],"author":[{"embeddable":true,"href":"https:\/\/www.boardridingpass.com\/index.php\/wp-json\/wp\/v2\/users\/1"}],"replies":[{"embeddable":true,"href":"https:\/\/www.boardridingpass.com\/index.php\/wp-json\/wp\/v2\/comments?post=421"}],"version-history":[{"count":11,"href":"https:\/\/www.boardridingpass.com\/index.php\/wp-json\/wp\/v2\/pages\/421\/revisions"}],"predecessor-version":[{"id":950,"href":"https:\/\/www.boardridingpass.com\/index.php\/wp-json\/wp\/v2\/pages\/421\/revisions\/950"}],"wp:featuredmedia":[{"embeddable":true,"href":"https:\/\/www.boardridingpass.com\/index.php\/wp-json\/wp\/v2\/media\/709"}],"wp:attachment":[{"href":"https:\/\/www.boardridingpass.com\/index.php\/wp-json\/wp\/v2\/media?parent=421"}],"curies":[{"name":"wp","href":"https:\/\/api.w.org\/{rel}","templated":true}]}}