{"id":405,"date":"2025-02-03T20:36:02","date_gmt":"2025-02-03T19:36:02","guid":{"rendered":"https:\/\/www.boardridingpass.com\/?page_id=405"},"modified":"2025-03-27T15:48:45","modified_gmt":"2025-03-27T14:48:45","slug":"ecosysteme","status":"publish","type":"page","link":"https:\/\/www.boardridingpass.com\/index.php\/ecosysteme\/","title":{"rendered":"ECOSYSTEME"},"content":{"rendered":"\n<div id=\"wp-block-themeisle-blocks-advanced-columns-5be898d6\" class=\"wp-block-themeisle-blocks-advanced-columns alignfull has-3-columns has-desktop-equal-layout has-tablet-equal-layout has-mobile-collapsedRows-layout has-vertical-center has-dark-bg\"><div class=\"wp-block-themeisle-blocks-advanced-columns-overlay\"><\/div><div class=\"innerblocks-wrap\">\n<div id=\"wp-block-themeisle-blocks-advanced-column-2082b1bd\" class=\"wp-block-themeisle-blocks-advanced-column\">\n<figure class=\"wp-block-image size-full\"><img loading=\"lazy\" decoding=\"async\" width=\"1024\" height=\"1024\" src=\"https:\/\/www.boardridingpass.com\/wp-content\/uploads\/2025\/03\/uride-02-1024x1024-1.png\" alt=\"\" class=\"wp-image-560\" srcset=\"https:\/\/www.boardridingpass.com\/wp-content\/uploads\/2025\/03\/uride-02-1024x1024-1.png 1024w, https:\/\/www.boardridingpass.com\/wp-content\/uploads\/2025\/03\/uride-02-1024x1024-1-300x300.png 300w, https:\/\/www.boardridingpass.com\/wp-content\/uploads\/2025\/03\/uride-02-1024x1024-1-150x150.png 150w, https:\/\/www.boardridingpass.com\/wp-content\/uploads\/2025\/03\/uride-02-1024x1024-1-768x768.png 768w\" sizes=\"auto, (max-width: 1024px) 100vw, 1024px\" \/><\/figure>\n<\/div>\n\n\n\n<div id=\"wp-block-themeisle-blocks-advanced-column-f6cba639\" class=\"wp-block-themeisle-blocks-advanced-column\">\n<figure class=\"wp-block-image size-full\"><img loading=\"lazy\" decoding=\"async\" width=\"1024\" height=\"1024\" src=\"https:\/\/www.boardridingpass.com\/wp-content\/uploads\/2025\/03\/image.png\" alt=\"\" class=\"wp-image-551\" srcset=\"https:\/\/www.boardridingpass.com\/wp-content\/uploads\/2025\/03\/image.png 1024w, https:\/\/www.boardridingpass.com\/wp-content\/uploads\/2025\/03\/image-300x300.png 300w, https:\/\/www.boardridingpass.com\/wp-content\/uploads\/2025\/03\/image-150x150.png 150w, https:\/\/www.boardridingpass.com\/wp-content\/uploads\/2025\/03\/image-768x768.png 768w\" sizes=\"auto, (max-width: 1024px) 100vw, 1024px\" \/><\/figure>\n<\/div>\n\n\n\n<div id=\"wp-block-themeisle-blocks-advanced-column-4248076a\" class=\"wp-block-themeisle-blocks-advanced-column\">\n<figure class=\"wp-block-image size-large\"><img loading=\"lazy\" decoding=\"async\" width=\"720\" height=\"720\" src=\"https:\/\/www.boardridingpass.com\/wp-content\/uploads\/2025\/03\/e64a0986-f61a-4400-8102-17e4661c32ce-edited.jpg\" alt=\"\" class=\"wp-image-521\" srcset=\"https:\/\/www.boardridingpass.com\/wp-content\/uploads\/2025\/03\/e64a0986-f61a-4400-8102-17e4661c32ce-edited.jpg 720w, https:\/\/www.boardridingpass.com\/wp-content\/uploads\/2025\/03\/e64a0986-f61a-4400-8102-17e4661c32ce-edited-300x300.jpg 300w, https:\/\/www.boardridingpass.com\/wp-content\/uploads\/2025\/03\/e64a0986-f61a-4400-8102-17e4661c32ce-edited-150x150.jpg 150w\" sizes=\"auto, (max-width: 720px) 100vw, 720px\" \/><\/figure>\n<\/div>\n<\/div><\/div>\n\n\n\n<figure class=\"wp-block-image\"><a href=\"https:\/\/www.archipelago.bzh\/index.php\/u-ride\/\"><img decoding=\"async\" src=\"https:\/\/www.archipelago.bzh\/wp-content\/uploads\/2025\/02\/uride-02-1024x1024.png\" alt=\"\" class=\"wp-image-221\"\/><\/a><figcaption class=\"wp-element-caption\"><strong>La cr\u00e9ation et l\u2019animation d\u2019une communaut\u00e9 uride<\/strong><br>Un collectif de passionn\u00e9s qui favorise l\u2019\u00e9change et le partage d\u2019\u00e9quipements.<\/figcaption><\/figure>\n\n\n\n<figure class=\"wp-block-image\"><a href=\"https:\/\/www.archipelago.bzh\/index.php\/rent-me-buy-me\/\"><img decoding=\"async\" src=\"https:\/\/www.archipelago.bzh\/wp-content\/uploads\/2025\/02\/rent-me-buy-me_Plan-de-travail-1-1024x1024.png\" alt=\"\" class=\"wp-image-222\"\/><\/a><figcaption class=\"wp-element-caption\"><strong>Le mod\u00e8le \u00ab&nbsp;Rent Me, Buy Me&nbsp;\u00bb<\/strong><br>Une approche innovante de la location \u00e9volutive, permettant aux pratiquants d\u2019acheter progressivement leur \u00e9quipement apr\u00e8s l\u2019avoir test\u00e9.<\/figcaption><\/figure>\n\n\n\n<figure class=\"wp-block-image\"><a href=\"https:\/\/www.archipelago.bzh\/index.php\/the-lab\/\"><img decoding=\"async\" src=\"https:\/\/www.archipelago.bzh\/wp-content\/uploads\/2025\/02\/lab-1024x1024.jpg\" alt=\"\" class=\"wp-image-479\"\/><\/a><figcaption class=\"wp-element-caption\"><strong>The Lab<br><\/strong>Marques, magasins sp\u00e9cialis\u00e9s, \u00e9coles de glisse et shapers engag\u00e9s.<\/figcaption><\/figure>\n","protected":false},"excerpt":{"rendered":"","protected":false},"author":1,"featured_media":0,"parent":0,"menu_order":0,"comment_status":"closed","ping_status":"closed","template":"","meta":{"neve_meta_sidebar":"","neve_meta_container":"","neve_meta_enable_content_width":"","neve_meta_content_width":0,"neve_meta_title_alignment":"","neve_meta_author_avatar":"","neve_post_elements_order":"","neve_meta_disable_header":"","neve_meta_disable_footer":"","neve_meta_disable_title":"","_themeisle_gutenberg_block_has_review":false,"footnotes":""},"class_list":["post-405","page","type-page","status-publish","hentry"],"_links":{"self":[{"href":"https:\/\/www.boardridingpass.com\/index.php\/wp-json\/wp\/v2\/pages\/405","targetHints":{"allow":["GET"]}}],"collection":[{"href":"https:\/\/www.boardridingpass.com\/index.php\/wp-json\/wp\/v2\/pages"}],"about":[{"href":"https:\/\/www.boardridingpass.com\/index.php\/wp-json\/wp\/v2\/types\/page"}],"author":[{"embeddable":true,"href":"https:\/\/www.boardridingpass.com\/index.php\/wp-json\/wp\/v2\/users\/1"}],"replies":[{"embeddable":true,"href":"https:\/\/www.boardridingpass.com\/index.php\/wp-json\/wp\/v2\/comments?post=405"}],"version-history":[{"count":4,"href":"https:\/\/www.boardridingpass.com\/index.php\/wp-json\/wp\/v2\/pages\/405\/revisions"}],"predecessor-version":[{"id":726,"href":"https:\/\/www.boardridingpass.com\/index.php\/wp-json\/wp\/v2\/pages\/405\/revisions\/726"}],"wp:attachment":[{"href":"https:\/\/www.boardridingpass.com\/index.php\/wp-json\/wp\/v2\/media?parent=405"}],"curies":[{"name":"wp","href":"https:\/\/api.w.org\/{rel}","templated":true}]}}